


{"id":10598,"date":"2022-06-20T11:19:08","date_gmt":"2022-06-20T11:19:08","guid":{"rendered":"https:\/\/ubweb21.urbidermis.com\/unkategorisiert\/liriope-muscari-isabella\/"},"modified":"2024-09-09T09:03:46","modified_gmt":"2024-09-09T07:03:46","slug":"liriope-muscari-isabella","status":"publish","type":"product","link":"https:\/\/www.urbidermis.com\/de\/baumschule-belloch-forestal\/liriope-muscari-isabella\/","title":{"rendered":"Liriope muscari"},"content":{"rendered":"","protected":false},"excerpt":{"rendered":"<p>Krautig aussehende Staude mit dichtem und kompaktem Wuchs und kleinen rosafarbenen Bl\u00fcten im Sommer. Die <em>Liriope muscari<\/em> Isabella ist eine gute Alternative zum Polstern gro\u00dfer Fl\u00e4chen mit wenig Pflegeaufwand. Passt in jedes Gebiet der Iberischen Halbinsel und jeden Boden.<\/p>\n","protected":false},"featured_media":10370,"template":"","meta":{"_acf_changed":false,"inline_featured_image":false},"product_cat":[230,231],"product_tag":[],"acf":{"activador_seccion_impacto_acvs_secctions_acvs":false,"texto_enlace_amplifyapp":"","codigos_acvs_matching_row-leds":null,"activator_acf_option_madera_text":false,"texto_bajo_btn_certificados":"","check_para_validar_no_secc_aplication":false,"is_protocolo_y_control_generic":false,"is_producto_residencial_para_mostrar_info_diferente":false,"is_plano_de_cotas_validator":false,"galeria_multidimension_imagenes_plano_de_cotas_proyector":null,"premios_producto_repeater":null,"participantes":"","autores":"","ano_creacion_producto":"","validacion_producto_descarga":false,"galeria_imagenes_repeater_libro":[{"imagen_item_gal":"[link_wp_dam_url ids=\"14880\"]","activar_video_item_gal":false,"portada_video_item_gal":null,"video_en_horizonal_item_gal":false,"video_item_gal":false},{"imagen_item_gal":"[link_wp_dam_url ids=\"14881\"]","activar_video_item_gal":false,"portada_video_item_gal":null,"video_en_horizonal_item_gal":false,"video_item_gal":false},{"imagen_item_gal":"[link_wp_dam_url ids=\"14882\"]","activar_video_item_gal":false,"portada_video_item_gal":null,"video_en_horizonal_item_gal":false,"video_item_gal":false}],"secciones_producto":[{"acf_fc_layout":"activar_esta_seccion_solo_plantas"},{"acf_fc_layout":"seccion_consulta_nuestros_expertos","imagen_de_fondo_single_producto":"[link_wp_dam_url ids=\"14883\"]","imagen_de_fondo_single_producto_mobile":"[link_wp_dam_url ids=\"14883\"]"},{"acf_fc_layout":"seccion_navtabs_imagen_dinamica_copia_estatica"}],"dist_simetrica":"","dist_asimetrica":"","dist_indirecta":"","dist_suelo":"","control":"","certificados":"","nombre_arbol_entre_comillas":"\"Isabella\"","nombre_solo_plantas_field":"Isabella","isbn_campo_texto":"","autor_book_publicacion_producto":"","idioma_campo_texto":"","enquadernacion_campo_texto":"","_numero_de_paginas_campo_texto":"","pdf_asociado_producto":"","resumen_libro":"","text_content_family_basic_information":"Asparagaceae","text_content_family_basic_number_width":"50","text_content_family_basic_number_height":"40","text_content_planting_density":"6-12","flowers_option_colours":["pink"],"flowers_option_season":["summer"],"properties_option_pruning":["once_year"],"properties_option_watering":["for_first_8_13"],"properties_option_sun_exposure":["direct_sun_full_shade"],"properties_option_minimum_temp":-12,"properties_option_soil_type":["wide_variety_of_soils"],"properties_option_fire":["retardant"],"properties_option_heat":["can_withstand"],"properties_option_moisture":["moderate"],"properties_option_dryness":["can_withstand"],"properties_option_coastal_area":["can_withstand"],"texto_introduccion_landing_custom":"","enlace_descubre_mas_custom":null,"selecciona_tipo_de_imagen_custom":[],"imagen_vertical_custom":"","imagen_horizontal_custom":"","opciones_de_texto_1":true,"opciones_de_texto_2":"","opciones_de_texto_3":[]},"yoast_head":"<!-- This site is optimized with the Yoast SEO plugin v22.8 - https:\/\/yoast.com\/wordpress\/plugins\/seo\/ -->\n<title>Liriope muscari - Urbidermis<\/title>\n<meta name=\"robots\" content=\"index, follow, max-snippet:-1, max-image-preview:large, max-video-preview:-1\" \/>\n<link rel=\"canonical\" href=\"https:\/\/www.urbidermis.com\/de\/baumschule-belloch-forestal\/liriope-muscari-isabella\/\" \/>\n<meta property=\"og:locale\" content=\"de_DE\" \/>\n<meta property=\"og:type\" content=\"article\" \/>\n<meta property=\"og:title\" content=\"Liriope muscari - Urbidermis\" \/>\n<meta property=\"og:description\" content=\"Krautig aussehende Staude mit dichtem und kompaktem Wuchs und kleinen rosafarbenen Bl\u00fcten im Sommer. Die Liriope muscari Isabella ist eine gute Alternative zum Polstern gro\u00dfer Fl\u00e4chen mit wenig Pflegeaufwand. Passt in jedes Gebiet der Iberischen Halbinsel und jeden Boden.\" \/>\n<meta property=\"og:url\" content=\"https:\/\/www.urbidermis.com\/de\/baumschule-belloch-forestal\/liriope-muscari-isabella\/\" \/>\n<meta property=\"og:site_name\" content=\"Urbidermis\" \/>\n<meta property=\"article:modified_time\" content=\"2024-09-09T07:03:46+00:00\" \/>\n<meta property=\"og:image\" content=\"https:\/\/www.urbidermis.com\/wp-content\/uploads\/20220620_SGLMI_Plantinova_05.jpg\" \/>\n\t<meta property=\"og:image:width\" content=\"928\" \/>\n\t<meta property=\"og:image:height\" content=\"1300\" \/>\n\t<meta property=\"og:image:type\" content=\"image\/jpeg\" \/>\n<meta name=\"twitter:card\" content=\"summary_large_image\" \/>\n<script type=\"application\/ld+json\" class=\"yoast-schema-graph\">{\"@context\":\"https:\/\/schema.org\",\"@graph\":[{\"@type\":\"WebPage\",\"@id\":\"https:\/\/www.urbidermis.com\/de\/baumschule-belloch-forestal\/liriope-muscari-isabella\/\",\"url\":\"https:\/\/www.urbidermis.com\/de\/baumschule-belloch-forestal\/liriope-muscari-isabella\/\",\"name\":\"Liriope muscari - Urbidermis\",\"isPartOf\":{\"@id\":\"https:\/\/www.urbidermis.com\/de\/#website\"},\"primaryImageOfPage\":{\"@id\":\"https:\/\/www.urbidermis.com\/de\/baumschule-belloch-forestal\/liriope-muscari-isabella\/#primaryimage\"},\"image\":{\"@id\":\"https:\/\/www.urbidermis.com\/de\/baumschule-belloch-forestal\/liriope-muscari-isabella\/#primaryimage\"},\"thumbnailUrl\":\"https:\/\/www.urbidermis.com\/wp-content\/uploads\/20220620_SGLMI_Plantinova_05.jpg\",\"datePublished\":\"2022-06-20T11:19:08+00:00\",\"dateModified\":\"2024-09-09T07:03:46+00:00\",\"breadcrumb\":{\"@id\":\"https:\/\/www.urbidermis.com\/de\/baumschule-belloch-forestal\/liriope-muscari-isabella\/#breadcrumb\"},\"inLanguage\":\"de-DE\",\"potentialAction\":[{\"@type\":\"ReadAction\",\"target\":[\"https:\/\/www.urbidermis.com\/de\/baumschule-belloch-forestal\/liriope-muscari-isabella\/\"]}]},{\"@type\":\"ImageObject\",\"inLanguage\":\"de-DE\",\"@id\":\"https:\/\/www.urbidermis.com\/de\/baumschule-belloch-forestal\/liriope-muscari-isabella\/#primaryimage\",\"url\":\"https:\/\/www.urbidermis.com\/wp-content\/uploads\/20220620_SGLMI_Plantinova_05.jpg\",\"contentUrl\":\"https:\/\/www.urbidermis.com\/wp-content\/uploads\/20220620_SGLMI_Plantinova_05.jpg\",\"width\":928,\"height\":1300},{\"@type\":\"BreadcrumbList\",\"@id\":\"https:\/\/www.urbidermis.com\/de\/baumschule-belloch-forestal\/liriope-muscari-isabella\/#breadcrumb\",\"itemListElement\":[{\"@type\":\"ListItem\",\"position\":1,\"name\":\"Home\",\"item\":\"https:\/\/www.urbidermis.com\/de\/\"},{\"@type\":\"ListItem\",\"position\":2,\"name\":\"Produkte\",\"item\":\"https:\/\/www.urbidermis.com\/de\/produkte\/\"},{\"@type\":\"ListItem\",\"position\":3,\"name\":\"Liriope muscari\"}]},{\"@type\":\"WebSite\",\"@id\":\"https:\/\/www.urbidermis.com\/de\/#website\",\"url\":\"https:\/\/www.urbidermis.com\/de\/\",\"name\":\"Urbidermis\",\"description\":\"Especialistas en la ciudad\",\"publisher\":{\"@id\":\"https:\/\/www.urbidermis.com\/de\/#organization\"},\"potentialAction\":[{\"@type\":\"SearchAction\",\"target\":{\"@type\":\"EntryPoint\",\"urlTemplate\":\"https:\/\/www.urbidermis.com\/de\/?s={search_term_string}\"},\"query-input\":\"required name=search_term_string\"}],\"inLanguage\":\"de-DE\"},{\"@type\":\"Organization\",\"@id\":\"https:\/\/www.urbidermis.com\/de\/#organization\",\"name\":\"Urbidermis\",\"url\":\"https:\/\/www.urbidermis.com\/de\/\",\"logo\":{\"@type\":\"ImageObject\",\"inLanguage\":\"de-DE\",\"@id\":\"https:\/\/www.urbidermis.com\/de\/#\/schema\/logo\/image\/\",\"url\":\"https:\/\/www.urbidermis.com\/wp-content\/uploads\/logo_urbdermis-1.png\",\"contentUrl\":\"https:\/\/www.urbidermis.com\/wp-content\/uploads\/logo_urbdermis-1.png\",\"width\":601,\"height\":1033,\"caption\":\"Urbidermis\"},\"image\":{\"@id\":\"https:\/\/www.urbidermis.com\/de\/#\/schema\/logo\/image\/\"}}]}<\/script>\n<!-- \/ Yoast SEO plugin. -->","yoast_head_json":{"title":"Liriope muscari - Urbidermis","robots":{"index":"index","follow":"follow","max-snippet":"max-snippet:-1","max-image-preview":"max-image-preview:large","max-video-preview":"max-video-preview:-1"},"canonical":"https:\/\/www.urbidermis.com\/de\/baumschule-belloch-forestal\/liriope-muscari-isabella\/","og_locale":"de_DE","og_type":"article","og_title":"Liriope muscari - Urbidermis","og_description":"Krautig aussehende Staude mit dichtem und kompaktem Wuchs und kleinen rosafarbenen Bl\u00fcten im Sommer. Die Liriope muscari Isabella ist eine gute Alternative zum Polstern gro\u00dfer Fl\u00e4chen mit wenig Pflegeaufwand. Passt in jedes Gebiet der Iberischen Halbinsel und jeden Boden.","og_url":"https:\/\/www.urbidermis.com\/de\/baumschule-belloch-forestal\/liriope-muscari-isabella\/","og_site_name":"Urbidermis","article_modified_time":"2024-09-09T07:03:46+00:00","og_image":[{"width":928,"height":1300,"url":"https:\/\/www.urbidermis.com\/wp-content\/uploads\/20220620_SGLMI_Plantinova_05.jpg","type":"image\/jpeg"}],"twitter_card":"summary_large_image","schema":{"@context":"https:\/\/schema.org","@graph":[{"@type":"WebPage","@id":"https:\/\/www.urbidermis.com\/de\/baumschule-belloch-forestal\/liriope-muscari-isabella\/","url":"https:\/\/www.urbidermis.com\/de\/baumschule-belloch-forestal\/liriope-muscari-isabella\/","name":"Liriope muscari - Urbidermis","isPartOf":{"@id":"https:\/\/www.urbidermis.com\/de\/#website"},"primaryImageOfPage":{"@id":"https:\/\/www.urbidermis.com\/de\/baumschule-belloch-forestal\/liriope-muscari-isabella\/#primaryimage"},"image":{"@id":"https:\/\/www.urbidermis.com\/de\/baumschule-belloch-forestal\/liriope-muscari-isabella\/#primaryimage"},"thumbnailUrl":"https:\/\/www.urbidermis.com\/wp-content\/uploads\/20220620_SGLMI_Plantinova_05.jpg","datePublished":"2022-06-20T11:19:08+00:00","dateModified":"2024-09-09T07:03:46+00:00","breadcrumb":{"@id":"https:\/\/www.urbidermis.com\/de\/baumschule-belloch-forestal\/liriope-muscari-isabella\/#breadcrumb"},"inLanguage":"de-DE","potentialAction":[{"@type":"ReadAction","target":["https:\/\/www.urbidermis.com\/de\/baumschule-belloch-forestal\/liriope-muscari-isabella\/"]}]},{"@type":"ImageObject","inLanguage":"de-DE","@id":"https:\/\/www.urbidermis.com\/de\/baumschule-belloch-forestal\/liriope-muscari-isabella\/#primaryimage","url":"https:\/\/www.urbidermis.com\/wp-content\/uploads\/20220620_SGLMI_Plantinova_05.jpg","contentUrl":"https:\/\/www.urbidermis.com\/wp-content\/uploads\/20220620_SGLMI_Plantinova_05.jpg","width":928,"height":1300},{"@type":"BreadcrumbList","@id":"https:\/\/www.urbidermis.com\/de\/baumschule-belloch-forestal\/liriope-muscari-isabella\/#breadcrumb","itemListElement":[{"@type":"ListItem","position":1,"name":"Home","item":"https:\/\/www.urbidermis.com\/de\/"},{"@type":"ListItem","position":2,"name":"Produkte","item":"https:\/\/www.urbidermis.com\/de\/produkte\/"},{"@type":"ListItem","position":3,"name":"Liriope muscari"}]},{"@type":"WebSite","@id":"https:\/\/www.urbidermis.com\/de\/#website","url":"https:\/\/www.urbidermis.com\/de\/","name":"Urbidermis","description":"Especialistas en la ciudad","publisher":{"@id":"https:\/\/www.urbidermis.com\/de\/#organization"},"potentialAction":[{"@type":"SearchAction","target":{"@type":"EntryPoint","urlTemplate":"https:\/\/www.urbidermis.com\/de\/?s={search_term_string}"},"query-input":"required name=search_term_string"}],"inLanguage":"de-DE"},{"@type":"Organization","@id":"https:\/\/www.urbidermis.com\/de\/#organization","name":"Urbidermis","url":"https:\/\/www.urbidermis.com\/de\/","logo":{"@type":"ImageObject","inLanguage":"de-DE","@id":"https:\/\/www.urbidermis.com\/de\/#\/schema\/logo\/image\/","url":"https:\/\/www.urbidermis.com\/wp-content\/uploads\/logo_urbdermis-1.png","contentUrl":"https:\/\/www.urbidermis.com\/wp-content\/uploads\/logo_urbdermis-1.png","width":601,"height":1033,"caption":"Urbidermis"},"image":{"@id":"https:\/\/www.urbidermis.com\/de\/#\/schema\/logo\/image\/"}}]}},"_links":{"self":[{"href":"https:\/\/www.urbidermis.com\/de\/wp-json\/wp\/v2\/product\/10598"}],"collection":[{"href":"https:\/\/www.urbidermis.com\/de\/wp-json\/wp\/v2\/product"}],"about":[{"href":"https:\/\/www.urbidermis.com\/de\/wp-json\/wp\/v2\/types\/product"}],"wp:featuredmedia":[{"embeddable":true,"href":"https:\/\/www.urbidermis.com\/de\/wp-json\/wp\/v2\/media\/10370"}],"wp:attachment":[{"href":"https:\/\/www.urbidermis.com\/de\/wp-json\/wp\/v2\/media?parent=10598"}],"wp:term":[{"taxonomy":"product_cat","embeddable":true,"href":"https:\/\/www.urbidermis.com\/de\/wp-json\/wp\/v2\/product_cat?post=10598"},{"taxonomy":"product_tag","embeddable":true,"href":"https:\/\/www.urbidermis.com\/de\/wp-json\/wp\/v2\/product_tag?post=10598"}],"curies":[{"name":"wp","href":"https:\/\/api.w.org\/{rel}","templated":true}]}}

<p>Krautig aussehende Staude mit dichtem und kompaktem Wuchs und kleinen rosafarbenen Blüten im Sommer. Die <em>Liriope muscari</em> Isabella ist eine gute Alternative zum Polstern großer Flächen mit wenig Pflegeaufwand. Passt in jedes Gebiet der Iberischen Halbinsel und jeden Boden.</p>

<!-- This site is optimized with the Yoast SEO plugin v22.8 - https://yoast.com/wordpress/plugins/seo/ -->
<title>Liriope muscari - Urbidermis</title>
<meta name="robots" content="index, follow, max-snippet:-1, max-image-preview:large, max-video-preview:-1" />
<link rel="canonical" href="https://www.urbidermis.com/de/baumschule-belloch-forestal/liriope-muscari-isabella/" />
<meta property="og:locale" content="de_DE" />
<meta property="og:type" content="article" />
<meta property="og:title" content="Liriope muscari - Urbidermis" />
<meta property="og:description" content="Krautig aussehende Staude mit dichtem und kompaktem Wuchs und kleinen rosafarbenen Blüten im Sommer. Die Liriope muscari Isabella ist eine gute Alternative zum Polstern großer Flächen mit wenig Pflegeaufwand. Passt in jedes Gebiet der Iberischen Halbinsel und jeden Boden." />
<meta property="og:url" content="https://www.urbidermis.com/de/baumschule-belloch-forestal/liriope-muscari-isabella/" />
<meta property="og:site_name" content="Urbidermis" />
<meta property="article:modified_time" content="2024-09-09T07:03:46+00:00" />
<meta property="og:image" content="https://www.urbidermis.com/wp-content/uploads/20220620_SGLMI_Plantinova_05.jpg" />
	<meta property="og:image:width" content="928" />
	<meta property="og:image:height" content="1300" />
	<meta property="og:image:type" content="image/jpeg" />
<meta name="twitter:card" content="summary_large_image" />
<script type="application/ld+json" class="yoast-schema-graph">{"@context":"https://schema.org","@graph":[{"@type":"WebPage","@id":"https://www.urbidermis.com/de/baumschule-belloch-forestal/liriope-muscari-isabella/","url":"https://www.urbidermis.com/de/baumschule-belloch-forestal/liriope-muscari-isabella/","name":"Liriope muscari - Urbidermis","isPartOf":{"@id":"https://www.urbidermis.com/de/#website"},"primaryImageOfPage":{"@id":"https://www.urbidermis.com/de/baumschule-belloch-forestal/liriope-muscari-isabella/#primaryimage"},"image":{"@id":"https://www.urbidermis.com/de/baumschule-belloch-forestal/liriope-muscari-isabella/#primaryimage"},"thumbnailUrl":"https://www.urbidermis.com/wp-content/uploads/20220620_SGLMI_Plantinova_05.jpg","datePublished":"2022-06-20T11:19:08+00:00","dateModified":"2024-09-09T07:03:46+00:00","breadcrumb":{"@id":"https://www.urbidermis.com/de/baumschule-belloch-forestal/liriope-muscari-isabella/#breadcrumb"},"inLanguage":"de-DE","potentialAction":[{"@type":"ReadAction","target":["https://www.urbidermis.com/de/baumschule-belloch-forestal/liriope-muscari-isabella/"]}]},{"@type":"ImageObject","inLanguage":"de-DE","@id":"https://www.urbidermis.com/de/baumschule-belloch-forestal/liriope-muscari-isabella/#primaryimage","url":"https://www.urbidermis.com/wp-content/uploads/20220620_SGLMI_Plantinova_05.jpg","contentUrl":"https://www.urbidermis.com/wp-content/uploads/20220620_SGLMI_Plantinova_05.jpg","width":928,"height":1300},{"@type":"BreadcrumbList","@id":"https://www.urbidermis.com/de/baumschule-belloch-forestal/liriope-muscari-isabella/#breadcrumb","itemListElement":[{"@type":"ListItem","position":1,"name":"Home","item":"https://www.urbidermis.com/de/"},{"@type":"ListItem","position":2,"name":"Produkte","item":"https://www.urbidermis.com/de/produkte/"},{"@type":"ListItem","position":3,"name":"Liriope muscari"}]},{"@type":"WebSite","@id":"https://www.urbidermis.com/de/#website","url":"https://www.urbidermis.com/de/","name":"Urbidermis","description":"Especialistas en la ciudad","publisher":{"@id":"https://www.urbidermis.com/de/#organization"},"potentialAction":[{"@type":"SearchAction","target":{"@type":"EntryPoint","urlTemplate":"https://www.urbidermis.com/de/?s={search_term_string}"},"query-input":"required name=search_term_string"}],"inLanguage":"de-DE"},{"@type":"Organization","@id":"https://www.urbidermis.com/de/#organization","name":"Urbidermis","url":"https://www.urbidermis.com/de/","logo":{"@type":"ImageObject","inLanguage":"de-DE","@id":"https://www.urbidermis.com/de/#/schema/logo/image/","url":"https://www.urbidermis.com/wp-content/uploads/logo_urbdermis-1.png","contentUrl":"https://www.urbidermis.com/wp-content/uploads/logo_urbdermis-1.png","width":601,"height":1033,"caption":"Urbidermis"},"image":{"@id":"https://www.urbidermis.com/de/#/schema/logo/image/"}}]}</script>
<!-- / Yoast SEO plugin. -->

Krautig aussehende Staude mit dichtem und kompaktem Wuchs und kleinen rosafarbenen Blüten im Sommer. Die Liriope muscari Isabella ist eine gute Alternative zum Polstern großer Flächen mit wenig Pflegeaufwand. Passt in jedes Gebiet der Iberischen Halbinsel und jeden Boden.
