{"id":10750,"date":"2022-06-29T16:01:14","date_gmt":"2022-06-29T16:01:14","guid":{"rendered":"https:\/\/ubweb21.urbidermis.com\/biographies\/claudi-aguilo\/"},"modified":"2024-09-13T12:43:05","modified_gmt":"2024-09-13T10:43:05","slug":"claudi-aguilo","status":"publish","type":"autores","link":"https:\/\/www.urbidermis.com\/fr\/biographies\/claudi-aguilo\/","title":{"rendered":"Claudi Aguil\u00f3"},"featured_media":0,"template":"","categoria-autor":[135],"class_list":["post-10750","autores","type-autores","status-publish","hentry","categoria-autor-product-author-fr"],"acf":{"cargo_profesion_biografia_group":{"title_tag":"h2","title_txt":"Architecte"},"texto_biografia_right":"<p>Claudi Aguil\u00f3 Riu est architecte dipl\u00f4m\u00e9 de l&#8217;ETSAB, \u00c9cole technique sup\u00e9rieure d\u2019architecture de Barcelone. Depuis 1987 il collabore avec les \u00e9quipes d\u2019architectes de l\u2019unit\u00e9 de Projets et de Travaux de la direction des services de l\u2019Urbanisme, ant\u00e9rieurement CMB, Corporaci\u00f3n Metropolitana de Barcelone.<\/p>\n<p>En 1993 Claudi Aguil\u00f3 est nomm\u00e9 directeur de l\u2019\u00e9quipe de projets et travaux au sein de la direction du service de l\u2019Espace public de la zone m\u00e9tropolitaine de Barcelone, groupement de communes o\u00f9 il d\u00e9veloppe et r\u00e9alise des projets d\u2019am\u00e9nagement et d\u2019\u00e9quipement de l\u2019espace public. Les plus significatifs sont le Paseo Mar\u00edtimo reliant Gav\u00e0 \u00e0 Castelldefels (Tron\u00e7on I, 1996); le parc Els Pinetons \u00e0 Ripollet (s\u00e9lectionn\u00e9 pour le Prix FAD 2000 des Espaces ext\u00e9rieurs, ainsi que pour la Biennale d\u2019architecture del Vall\u00e8s 2001 et qui a \u00e9t\u00e9 distingu\u00e9 par une mention sp\u00e9ciale du jury pour les prix biannuels Barbara Cappochin 2005); la cl\u00f4ture du parc Can Mercader \u00e0 Cornell\u00e0 de Llobregat (s\u00e9lection pour le prix FAD des Espaces ext\u00e9rieurs); le parc Mariona \u00e0 Molins de Rei (s\u00e9lection pour la Biennale Europe du paysage 2003); le complexe omnisports Salvador Gimeno \u00e0 Sant Joan Desp\u00ed (accessit ex aequo en \u00c9quipement municipal), prix Diputaci\u00f3 de Barcelone 2004 et s\u00e9lection pour le prix Catalunya Construci\u00f3 2004-2005-2006) et le parc de la Muntanyeta \u00e0 San Boi de Llobregat (s\u00e9lection \u00e0 la Ire Triennale d\u2019architecture de Baix Llobregat, Alt Pened\u00e8s et Garraf 2005 et finaliste pour les Prix FAD 2006 Ville et paysage). Ses projets et r\u00e9alisations plus r\u00e9cents sont le parc central et l\u2019espace Salons et Foires de Sant Pere de Ribes, le parc del Canig\u00f3 \u00e0 Sant Just Desvern et la nouvelle piscine municipale de San Feliu de Llobregat.<\/p>\n<p>Son incursion dans le domaine du design de mobilier et d&#8217;\u00e9quipements urbains est le fruit de sa recherche d\u2019\u00e9l\u00e9ments r\u00e9p\u00e9titifs dont l&#8217;identit\u00e9 distinctive marque un ordonnancement ou d\u00e9finit un signal ou un lieu. Ces \u00e9quipements urbains doivent satisfaire des besoins et syst\u00e9matiser des solutions comme c&#8217;est le cas pour le banc de la zone m\u00e9tropolitaine de Barcelone (banc AMB), l\u2019armoire de secours SOS, et la douche AMB modernis\u00e9e et redessin\u00e9e, tous trois con\u00e7us en 1999.<\/p>\n<p>Claudi Aguil\u00f3 est cocr\u00e9ateur, avec Xavier Nogu\u00e8s, de la balise \u00c1rea (1998). Il s\u2019agit d\u2019un prisme d&#8217;acier robuste avec \u00e0 l\u2019int\u00e9rieur une plaque d\u2019acier inoxydable poli qui g\u00e9n\u00e8re une lumi\u00e8re rasante et diffuse. Ils ont \u00e9galement con\u00e7u la balise \u00c1rea 60 (2020) de taille plus r\u00e9duite et qui offre de meilleures performances d&#8217;\u00e9clairage, id\u00e9ale pour les espaces pi\u00e9tons ext\u00e9rieurs publics et priv\u00e9s.<\/p>\n","fecha_nacimiento_biografia":"Barcelona","texto_biografia_left":"<p>Claudi Aguil\u00f3, architecte barcelonais, a r\u00e9alis\u00e9 de multiples projets pendant sa carri\u00e8re professionnelle et pour plusieurs d\u2019entre eux, re\u00e7u de nombreuses r\u00e9compenses. Comme designer industriel, il est le cocr\u00e9ateur, entre autres, des balises \u00c1rea et \u00c1rea 60, commercialis\u00e9es par Urbidermis en 1998 et 2020.<\/p>\n","foto_de_perfil_biografia":"","sitio_web":""},"yoast_head":"<!-- This site is optimized with the Yoast SEO plugin v27.6 - https:\/\/yoast.com\/product\/yoast-seo-wordpress\/ -->\n<title>Claudi Aguil\u00f3 - Urbidermis<\/title>\n<meta name=\"robots\" content=\"index, follow, max-snippet:-1, max-image-preview:large, max-video-preview:-1\" \/>\n<link rel=\"canonical\" href=\"https:\/\/www.urbidermis.com\/fr\/biographies\/claudi-aguilo\/\" \/>\n<meta property=\"og:locale\" content=\"fr_FR\" \/>\n<meta property=\"og:type\" content=\"article\" \/>\n<meta property=\"og:title\" content=\"Claudi Aguil\u00f3 - Urbidermis\" \/>\n<meta property=\"og:url\" content=\"https:\/\/www.urbidermis.com\/fr\/biographies\/claudi-aguilo\/\" \/>\n<meta property=\"og:site_name\" content=\"Urbidermis\" \/>\n<meta property=\"article:modified_time\" content=\"2024-09-13T10:43:05+00:00\" \/>\n<meta name=\"twitter:card\" content=\"summary_large_image\" \/>\n<script type=\"application\/ld+json\" class=\"yoast-schema-graph\">{\"@context\":\"https:\\\/\\\/schema.org\",\"@graph\":[{\"@type\":\"WebPage\",\"@id\":\"https:\\\/\\\/www.urbidermis.com\\\/fr\\\/biographies\\\/claudi-aguilo\\\/\",\"url\":\"https:\\\/\\\/www.urbidermis.com\\\/fr\\\/biographies\\\/claudi-aguilo\\\/\",\"name\":\"Claudi Aguil\u00f3 - Urbidermis\",\"isPartOf\":{\"@id\":\"https:\\\/\\\/urbidermis.com\\\/es\\\/#website\"},\"datePublished\":\"2022-06-29T16:01:14+00:00\",\"dateModified\":\"2024-09-13T10:43:05+00:00\",\"breadcrumb\":{\"@id\":\"https:\\\/\\\/www.urbidermis.com\\\/fr\\\/biographies\\\/claudi-aguilo\\\/#breadcrumb\"},\"inLanguage\":\"fr-FR\",\"potentialAction\":[{\"@type\":\"ReadAction\",\"target\":[\"https:\\\/\\\/www.urbidermis.com\\\/fr\\\/biographies\\\/claudi-aguilo\\\/\"]}]},{\"@type\":\"BreadcrumbList\",\"@id\":\"https:\\\/\\\/www.urbidermis.com\\\/fr\\\/biographies\\\/claudi-aguilo\\\/#breadcrumb\",\"itemListElement\":[{\"@type\":\"ListItem\",\"position\":1,\"name\":\"Home\",\"item\":\"https:\\\/\\\/www.urbidermis.com\\\/fr\\\/\"},{\"@type\":\"ListItem\",\"position\":2,\"name\":\"Autores\",\"item\":\"https:\\\/\\\/www.urbidermis.com\\\/fr\\\/biographies\\\/\"},{\"@type\":\"ListItem\",\"position\":3,\"name\":\"Claudi Aguil\u00f3\"}]},{\"@type\":\"WebSite\",\"@id\":\"https:\\\/\\\/urbidermis.com\\\/es\\\/#website\",\"url\":\"https:\\\/\\\/urbidermis.com\\\/es\\\/\",\"name\":\"Urbidermis\",\"description\":\"Especialistas en la ciudad\",\"publisher\":{\"@id\":\"https:\\\/\\\/urbidermis.com\\\/es\\\/#organization\"},\"potentialAction\":[{\"@type\":\"SearchAction\",\"target\":{\"@type\":\"EntryPoint\",\"urlTemplate\":\"https:\\\/\\\/urbidermis.com\\\/es\\\/?s={search_term_string}\"},\"query-input\":{\"@type\":\"PropertyValueSpecification\",\"valueRequired\":true,\"valueName\":\"search_term_string\"}}],\"inLanguage\":\"fr-FR\"},{\"@type\":\"Organization\",\"@id\":\"https:\\\/\\\/urbidermis.com\\\/es\\\/#organization\",\"name\":\"Urbidermis\",\"url\":\"https:\\\/\\\/urbidermis.com\\\/es\\\/\",\"logo\":{\"@type\":\"ImageObject\",\"inLanguage\":\"fr-FR\",\"@id\":\"https:\\\/\\\/urbidermis.com\\\/es\\\/#\\\/schema\\\/logo\\\/image\\\/\",\"url\":\"\",\"contentUrl\":\"\",\"caption\":\"Urbidermis\"},\"image\":{\"@id\":\"https:\\\/\\\/urbidermis.com\\\/es\\\/#\\\/schema\\\/logo\\\/image\\\/\"}}]}<\/script>\n<!-- \/ Yoast SEO plugin. -->","yoast_head_json":{"title":"Claudi Aguil\u00f3 - Urbidermis","robots":{"index":"index","follow":"follow","max-snippet":"max-snippet:-1","max-image-preview":"max-image-preview:large","max-video-preview":"max-video-preview:-1"},"canonical":"https:\/\/www.urbidermis.com\/fr\/biographies\/claudi-aguilo\/","og_locale":"fr_FR","og_type":"article","og_title":"Claudi Aguil\u00f3 - Urbidermis","og_url":"https:\/\/www.urbidermis.com\/fr\/biographies\/claudi-aguilo\/","og_site_name":"Urbidermis","article_modified_time":"2024-09-13T10:43:05+00:00","twitter_card":"summary_large_image","schema":{"@context":"https:\/\/schema.org","@graph":[{"@type":"WebPage","@id":"https:\/\/www.urbidermis.com\/fr\/biographies\/claudi-aguilo\/","url":"https:\/\/www.urbidermis.com\/fr\/biographies\/claudi-aguilo\/","name":"Claudi Aguil\u00f3 - Urbidermis","isPartOf":{"@id":"https:\/\/urbidermis.com\/es\/#website"},"datePublished":"2022-06-29T16:01:14+00:00","dateModified":"2024-09-13T10:43:05+00:00","breadcrumb":{"@id":"https:\/\/www.urbidermis.com\/fr\/biographies\/claudi-aguilo\/#breadcrumb"},"inLanguage":"fr-FR","potentialAction":[{"@type":"ReadAction","target":["https:\/\/www.urbidermis.com\/fr\/biographies\/claudi-aguilo\/"]}]},{"@type":"BreadcrumbList","@id":"https:\/\/www.urbidermis.com\/fr\/biographies\/claudi-aguilo\/#breadcrumb","itemListElement":[{"@type":"ListItem","position":1,"name":"Home","item":"https:\/\/www.urbidermis.com\/fr\/"},{"@type":"ListItem","position":2,"name":"Autores","item":"https:\/\/www.urbidermis.com\/fr\/biographies\/"},{"@type":"ListItem","position":3,"name":"Claudi Aguil\u00f3"}]},{"@type":"WebSite","@id":"https:\/\/urbidermis.com\/es\/#website","url":"https:\/\/urbidermis.com\/es\/","name":"Urbidermis","description":"Especialistas en la ciudad","publisher":{"@id":"https:\/\/urbidermis.com\/es\/#organization"},"potentialAction":[{"@type":"SearchAction","target":{"@type":"EntryPoint","urlTemplate":"https:\/\/urbidermis.com\/es\/?s={search_term_string}"},"query-input":{"@type":"PropertyValueSpecification","valueRequired":true,"valueName":"search_term_string"}}],"inLanguage":"fr-FR"},{"@type":"Organization","@id":"https:\/\/urbidermis.com\/es\/#organization","name":"Urbidermis","url":"https:\/\/urbidermis.com\/es\/","logo":{"@type":"ImageObject","inLanguage":"fr-FR","@id":"https:\/\/urbidermis.com\/es\/#\/schema\/logo\/image\/","url":"","contentUrl":"","caption":"Urbidermis"},"image":{"@id":"https:\/\/urbidermis.com\/es\/#\/schema\/logo\/image\/"}}]}},"urb":{"path":"\/fr\/biographies\/claudi-aguilo\/","language":"fr","translations":{"de":{"id":10751,"slug":"claudi-aguilo","path":"\/de\/biographies\/claudi-aguilo\/"},"en":{"id":3585,"slug":"claudi-aguilo","path":"\/biographies\/claudi-aguilo\/"},"es":{"id":10752,"slug":"claudi-aguilo","path":"\/es\/biographies\/claudi-aguilo\/"},"fr":{"id":10750,"slug":"claudi-aguilo","path":"\/fr\/biographies\/claudi-aguilo\/"}},"page_template":"","featured":null,"terms":{"categoria-autor":{"items":[{"id":135,"name":"Product author","slug":"product-author-fr","parent":0,"path":"\/fr\/blog\/categoria-autor\/product-author-fr\/"}],"parent":{"id":135,"name":"Product author","slug":"product-author-fr","parent":0,"path":"\/fr\/blog\/categoria-autor\/product-author-fr\/"},"child":null}},"breadcrumb":[]},"_links":{"self":[{"href":"https:\/\/www.urbidermis.com\/fr\/wp-json\/wp\/v2\/autores\/10750","targetHints":{"allow":["GET"]}}],"collection":[{"href":"https:\/\/www.urbidermis.com\/fr\/wp-json\/wp\/v2\/autores"}],"about":[{"href":"https:\/\/www.urbidermis.com\/fr\/wp-json\/wp\/v2\/types\/autores"}],"wp:attachment":[{"href":"https:\/\/www.urbidermis.com\/fr\/wp-json\/wp\/v2\/media?parent=10750"}],"wp:term":[{"taxonomy":"categoria-autor","embeddable":true,"href":"https:\/\/www.urbidermis.com\/fr\/wp-json\/wp\/v2\/categoria-autor?post=10750"}],"curies":[{"name":"wp","href":"https:\/\/api.w.org\/{rel}","templated":true}]}}

Claudi Aguiló

<p>Claudi Aguiló Riu est architecte diplômé de l&#8217;ETSAB, École technique supérieure d’architecture de Barcelone. Depuis 1987 il collabore avec les équipes d’architectes de l’unité de Projets et de Travaux de la direction des services de l’Urbanisme, antérieurement CMB, Corporación Metropolitana de Barcelone.</p>
<p>En 1993 Claudi Aguiló est nommé directeur de l’équipe de projets et travaux au sein de la direction du service de l’Espace public de la zone métropolitaine de Barcelone, groupement de communes où il développe et réalise des projets d’aménagement et d’équipement de l’espace public. Les plus significatifs sont le Paseo Marítimo reliant Gavà à Castelldefels (Tronçon I, 1996); le parc Els Pinetons à Ripollet (sélectionné pour le Prix FAD 2000 des Espaces extérieurs, ainsi que pour la Biennale d’architecture del Vallès 2001 et qui a été distingué par une mention spéciale du jury pour les prix biannuels Barbara Cappochin 2005); la clôture du parc Can Mercader à Cornellà de Llobregat (sélection pour le prix FAD des Espaces extérieurs); le parc Mariona à Molins de Rei (sélection pour la Biennale Europe du paysage 2003); le complexe omnisports Salvador Gimeno à Sant Joan Despí (accessit ex aequo en Équipement municipal), prix Diputació de Barcelone 2004 et sélection pour le prix Catalunya Construció 2004-2005-2006) et le parc de la Muntanyeta à San Boi de Llobregat (sélection à la Ire Triennale d’architecture de Baix Llobregat, Alt Penedès et Garraf 2005 et finaliste pour les Prix FAD 2006 Ville et paysage). Ses projets et réalisations plus récents sont le parc central et l’espace Salons et Foires de Sant Pere de Ribes, le parc del Canigó à Sant Just Desvern et la nouvelle piscine municipale de San Feliu de Llobregat.</p>
<p>Son incursion dans le domaine du design de mobilier et d&#8217;équipements urbains est le fruit de sa recherche d’éléments répétitifs dont l&#8217;identité distinctive marque un ordonnancement ou définit un signal ou un lieu. Ces équipements urbains doivent satisfaire des besoins et systématiser des solutions comme c&#8217;est le cas pour le banc de la zone métropolitaine de Barcelone (banc AMB), l’armoire de secours SOS, et la douche AMB modernisée et redessinée, tous trois conçus en 1999.</p>
<p>Claudi Aguiló est cocréateur, avec Xavier Noguès, de la balise Área (1998). Il s’agit d’un prisme d&#8217;acier robuste avec à l’intérieur une plaque d’acier inoxydable poli qui génère une lumière rasante et diffuse. Ils ont également conçu la balise Área 60 (2020) de taille plus réduite et qui offre de meilleures performances d&#8217;éclairage, idéale pour les espaces piétons extérieurs publics et privés.</p>

<p>Claudi Aguiló, architecte barcelonais, a réalisé de multiples projets pendant sa carrière professionnelle et pour plusieurs d’entre eux, reçu de nombreuses récompenses. Comme designer industriel, il est le cocréateur, entre autres, des balises Área et Área 60, commercialisées par Urbidermis en 1998 et 2020.</p>

<!-- This site is optimized with the Yoast SEO plugin v27.6 - https://yoast.com/product/yoast-seo-wordpress/ -->
<title>Claudi Aguiló - Urbidermis</title>
<meta name="robots" content="index, follow, max-snippet:-1, max-image-preview:large, max-video-preview:-1" />
<link rel="canonical" href="https://www.urbidermis.com/fr/biographies/claudi-aguilo/" />
<meta property="og:locale" content="fr_FR" />
<meta property="og:type" content="article" />
<meta property="og:title" content="Claudi Aguiló - Urbidermis" />
<meta property="og:url" content="https://www.urbidermis.com/fr/biographies/claudi-aguilo/" />
<meta property="og:site_name" content="Urbidermis" />
<meta property="article:modified_time" content="2024-09-13T10:43:05+00:00" />
<meta name="twitter:card" content="summary_large_image" />
<script type="application/ld+json" class="yoast-schema-graph">{"@context":"https:\/\/schema.org","@graph":[{"@type":"WebPage","@id":"https:\/\/www.urbidermis.com\/fr\/biographies\/claudi-aguilo\/","url":"https:\/\/www.urbidermis.com\/fr\/biographies\/claudi-aguilo\/","name":"Claudi Aguiló - Urbidermis","isPartOf":{"@id":"https:\/\/urbidermis.com\/es\/#website"},"datePublished":"2022-06-29T16:01:14+00:00","dateModified":"2024-09-13T10:43:05+00:00","breadcrumb":{"@id":"https:\/\/www.urbidermis.com\/fr\/biographies\/claudi-aguilo\/#breadcrumb"},"inLanguage":"fr-FR","potentialAction":[{"@type":"ReadAction","target":["https:\/\/www.urbidermis.com\/fr\/biographies\/claudi-aguilo\/"]}]},{"@type":"BreadcrumbList","@id":"https:\/\/www.urbidermis.com\/fr\/biographies\/claudi-aguilo\/#breadcrumb","itemListElement":[{"@type":"ListItem","position":1,"name":"Home","item":"https:\/\/www.urbidermis.com\/fr\/"},{"@type":"ListItem","position":2,"name":"Autores","item":"https:\/\/www.urbidermis.com\/fr\/biographies\/"},{"@type":"ListItem","position":3,"name":"Claudi Aguiló"}]},{"@type":"WebSite","@id":"https:\/\/urbidermis.com\/es\/#website","url":"https:\/\/urbidermis.com\/es\/","name":"Urbidermis","description":"Especialistas en la ciudad","publisher":{"@id":"https:\/\/urbidermis.com\/es\/#organization"},"potentialAction":[{"@type":"SearchAction","target":{"@type":"EntryPoint","urlTemplate":"https:\/\/urbidermis.com\/es\/?s={search_term_string}"},"query-input":{"@type":"PropertyValueSpecification","valueRequired":true,"valueName":"search_term_string"}}],"inLanguage":"fr-FR"},{"@type":"Organization","@id":"https:\/\/urbidermis.com\/es\/#organization","name":"Urbidermis","url":"https:\/\/urbidermis.com\/es\/","logo":{"@type":"ImageObject","inLanguage":"fr-FR","@id":"https:\/\/urbidermis.com\/es\/#\/schema\/logo\/image\/","url":"","contentUrl":"","caption":"Urbidermis"},"image":{"@id":"https:\/\/urbidermis.com\/es\/#\/schema\/logo\/image\/"}}]}</script>
<!-- / Yoast SEO plugin. -->

Claudi Aguiló - Urbidermis
